x - 30 = -2*g + 7*g, -25 = 5*g + 3*x. Let c be g/(-44) + (-105)/33. What are the prime factors of -9*(2/(-6) + c)?
2, 3, 5
Suppose -4*i + z + 3*z = -16, -4*z = 4*i + 16. Suppose i = -g - 0*g. Suppose -q - 3 + 47 = g. List the prime factors of q.
2, 11
Let b = -160 - -457. List the prime factors of b.
3, 11
Let b = 9 + -14. Let m be (3 - 1) + b + 1. What are the prime factors of ((-123 - -1)*1)/m?
61
Let j = -1 + 3. Let w be (0 - (2 - j)) + 9. Suppose 5*o = w*o - 88. List the prime factors of o.
2, 11
Suppose -8474 = -3*x + 5*l, 4*x + 8480 = 7*x - 2*l. List the prime factors of x.
2, 7, 101
Suppose 2*c - 9 = 1. Suppose 4*k + 69 = c*k. What are the prime factors of k?
3, 23
Let g = -236 + 759. Let v = g + -305. Suppose -v = -4*u + 94. What are the prime factors of u?
2, 3, 13
Suppose -o = -5*r + 7585 + 5053, -r = 4*o - 2515. List the prime factors of r.
7, 19
List the prime factors of (-4)/((-12)/(-21)) - (-1201 + -16).
2, 5, 11
Let i(m) be the first derivative of m**2/2 + 11*m - 4. Let b be 2/1 + (-12)/(-2). List the prime factors of i(b).
19
Let q be -1 + 5 + -8 + 74. Let n = q - -54. Suppose 116 = 5*d - n. List the prime factors of d.
2, 3
Let v(s) = -s**2 + s + 4. Let p be v(0). Suppose x = -2*r - 8 - 3, p*x + 18 = 5*r. Let w = x + 10. List the prime factors of w.
3
Let w be (-8)/44 + -16*6/(-44). Suppose 4 = j - w*j, -4*j - 292 = -3*v. List the prime factors of v.
2, 23
List the prime factors of ((-20)/32)/5*-12344.
1543
Let n(p) = -p**3 - 8*p**2 + 10*p - 6. Let z be n(-12). Suppose k - z = -2*k. List the prime factors of k.
2, 3, 5
Let p(a) = a**3 + 2*a**2 - 2*a + 135. Suppose 2 = -d + q, 0 = 2*d + q + q - 4. List the prime factors of p(d).
3, 5
Let o = -53 + 59. Suppose f = -4*j + 67, o*j = 5*f + 4*j - 247. List the prime factors of f.
3, 17
Suppose 4*u = -3*n + 12, 0*u + 5*n + 6 = 2*u. Suppose -4*i - i = -4*t + 770, -t = -u*i - 196. What are the prime factors of t?
2, 5, 19
Let x(c) be the first derivative of -c**3/3 + 17*c**2/2 - 2*c - 5. Let f be x(14). Suppose u = 3*u - f. What are the prime factors of u?
2, 5
Let c = 91 - 90. List the prime factors of (c/1)/(((-10)/2)/(-170)).
2, 17
List the prime factors of 5 + 3147/7 + (-9)/(-21).
5, 7, 13
Suppose -4*h = -4359 + 1359. List the prime factors of h.
2, 3, 5
Suppose -6 = 3*c + 3*d, 0*c - 5*d - 10 = -2*c. Suppose 0 = 4*j + 20, c*j + 149 = g + 5*j. What are the prime factors of g?
2, 3, 29
Suppose 0 = w + n - 29, w - 2*n = -0*n + 14. Suppose 8*r - 4*r - w = 0. What are the prime factors of 3*(32/r + 1)?
19
Let b = 37 + -37. Suppose b*l - 183 = -3*l. What are the prime factors of l?
61
Let d(j) = 11*j**2 + 7*j + 12. Let y be d(-2). Suppose 29*g - y = 23*g. List the prime factors of g.
7
Suppose -4 = -k - 1. Let m be 10/(((-12)/(-10))/k). Suppose m = 3*v - 56. What are the prime factors of v?
3
Suppose -2*g + 5*c = -688, 4*c + 27 = 4*g - 1337. List the prime factors of g.
3, 113
Let r = 31 + -38. Let p = r + 59. List the prime factors of p.
2, 13
Suppose 2*c - 4*w = 10, -5*c = -5*w + 3 - 8. What are the prime factors of (-814)/c + 7/(-21)?
271
Let q(a) = -51*a + 166. List the prime factors of q(-14).
2, 5, 11
Let g(f) = 3*f**2 + 6*f. Suppose 0*v + 15 = 3*v + 5*b, 5*b = v - 5. List the prime factors of g(v).
3, 5, 7
Suppose 107*g = 113*g - 2604. List the prime factors of g.
2, 7, 31
Let t(u) = 7*u**3 + 9*u**2 - 44*u + 1. What are the prime factors of t(6)?
11, 13
Suppose -4*c + h = 5, -c - 3 + 13 = 2*h. Suppose -2*x + c*x + 3 = -y, 3*x - 4 = 2*y. Suppose x*p = -2*p + 100. List the prime factors of p.
5
Suppose 13*x - 12 = 9*x. Let d(r) = 3*r**3 + r + 12*r + 3 - 4*r**x - 3*r**2 - r**2. List the prime factors of d(-7).
59
Let o(m) = -m. Let w be o(-9). Suppose 3*a = -0*a - w. List the prime factors of a - ((-8)/2 + -26).
3
Suppose 4*r - 6*r - m + 4790 = 0, -2*r = -5*m - 4766. List the prime factors of r.
2393
Let t be 0 + (1*-63 - 3). What are the prime factors of 98/6 - (-22)/t?
2
Suppose 0*r - 3*r + 9 = 2*w, 2*r + 22 = w. What are the prime factors of w?
2, 3
Suppose 4*w + 28 = y + 3*y, -w = 2*y - 11. Let b(o) = 2*o - 13. Let d be b(y). What are the prime factors of 14 - d*(-5 - -3)?
2, 3
Let l(b) = -15*b + 16. Let x(j) = j**3 + 20*j**2 + 19*j - 11. Let p be x(-19). What are the prime factors of l(p)?
181
Let b(g) = -g**2 + 6*g - 3. Let u(h) = -3*h - 7. Let n be u(-3). Let x be b(n). Suppose -x*r + 8*r - 156 = 0. What are the prime factors of r?
2, 13
Let r be -4*((-84)/16)/(-7). Let f be -1 + (r - -210)/3. Suppose -3*d + 6*o - o = -f, 2*d = -o + 54. What are the prime factors of d?
2, 13
Let y(n) = -3 - n**3 - 4*n + 2 - 2*n**2 + 5. Let g = 1 - 5. List the prime factors of y(g).
2, 13
Let c(f) = f + 3. Let y be c(0). Let t(l) = 11*l - l**2 - 4 + y + 6 - 4. List the prime factors of t(9).
19
Let g be -80 - (-3 + -1) - 1. Let k = 132 + g. What are the prime factors of k?
5, 11
Suppose -24 = -33*h + 27*h. Suppose 71 - 767 = -h*g. What are the prime factors of g?
2, 3, 29
Let g(a) be the second derivative of -a**5/20 + 7*a**4/12 + 11*a**3/6 + a**2 - 3*a + 12. Let h = 21 + -13. What are the prime factors of g(h)?
2, 13
Let b be 6/(-4) - 9/(-2). Let a be (0 - b/(-1)) + -1. Suppose 0 = z - 3*y - 2 - 5, -5*z - a*y + 86 = 0. What are the prime factors of z?
2
Let w(z) be the second derivative of -z**4/12 - 4*z**3/3 - 2*z**2 + 17*z. Let v = 3 - 8. List the prime factors of w(v).
11
Let h be 0 + -5 - (10 + -48). List the prime factors of h/2*(-20)/(-3).
2, 5, 11
Suppose -5*q - 29 = -i, 0 = 3*i + 3*q + 3 - 0. Suppose -i*a - 25 = -9*a. Suppose -4*y + a*y - 16 = 0. What are the prime factors of y?
2
Let k(v) = 518*v - 2. Let b be k(1). Suppose r - 4*r = -b. Suppose 4*s + j - r = 0, -s + 4*j = s - 86. List the prime factors of s.
43
Let x = 503 + -429. Let t be (31/2)/((-1)/2). Let i = x + t. What are the prime factors of i?
43
List the prime factors of (-64)/(-224) + 1/(21/56106).
2, 167
Suppose -762 = -9*d + 6*d. List the prime factors of d.
2, 127
Let h(c) = c**3 + 6*c**2 - 3*c. Suppose -2*q + 6*q - 42 = 5*x, 5*x + 36 = 2*q. Let t be h(x). List the prime factors of (-596)/(-24) - (-3)/t.
5
Let n(t) = -t + 10. Suppose 0 = 3*f - 3*r + 9, -2*f + 11 = 3*r + 2. Let w be n(f). List the prime factors of (-6)/4*w/(-3).
5
Suppose 2*v = 4*v - 8. Suppose 2*i - 14 = d + v*d, -5*d + 10 = 0. List the prime factors of (11/11)/(1/i).
2, 3
Suppose 82*z - 64*z = 6444. List the prime factors of z.
2, 179
Suppose 2*r = -3*q + 1273, 0*q = 3*r + 2*q - 1897. Suppose -4*m = -5*s - 71 + 865, 3*m = -4*s + r. List the prime factors of s.
2, 79
Let r = 8215 + -5859. List the prime factors of r.
2, 19, 31
Let o = -12 + 14. Suppose o*m + 36 = 4*m - 2*x, 3*x = -5*m + 98. What are the prime factors of m?
19
Let k = -465 + 868. Suppose -2*f + 237 = -5*z, 7*f + 2*z = 4*f + k. List the prime factors of f.
131
Let v(r) = -r**3 + 8*r**2 + 4*r - 28. Let k be v(8). Suppose k*b = -2*t + 284, 3*b + t = 5*t + 202. List the prime factors of b.
2, 5, 7
Suppose -4*c - 776 = 4*r, 4*r + 2*c = -0*c - 778. List the prime factors of -3 - (-1 + -4 + r).
197
Let r(m) = m**2 + 12*m + 2. Let l be r(-12). Suppose 4*v - 4 = l*v. Suppose v*j - 72 = -j. What are the prime factors of j?
2, 3
Suppose 5*h + 14*l = 9*l + 5550, 0 = -4*h - 5*l + 4435. List the prime factors of h.
5, 223
Suppose 0*k - 717 = -2*b + k, -3*k = -5*b + 1794. What are the prime factors of b?
3, 7, 17
Let t = -435 + 849. List the prime factors of t.
2, 3, 23
Let w = 5 - 1. Let q(d) = 3*d. Let a be q(w). Suppose -r + 52 = a. What are the prime factors of r?
2, 5
Let p(z) = z**2 - 2*z - 1. Let c be p(5). Let n = c + -12. Suppose -52 = -0*v - n*v. What are the prime factors of v?
2, 13
Suppose 145 = 3*r - 92. Suppose -2*u + r = 4*s + 3*u, -s - u + 21 = 0. What are the prime factors of s?
2, 13
Suppose 22*a + 50 - 18750 = 0. What are the prime factors of a?
2, 5, 17
Let s(a) = 37*a**2 + 2*a - 3*a - 130 + 128. List the prime factors of s(-2).
2, 37
Suppose r - 1 = 15. Suppose 2*y - 2*v = -r, -3*v + 1 = -5*y - 33. What are the prime factors of 6/10 + (-42)/y?
3
Let p be (-2973)/(-15) + 5/(-25). Suppose -4*m + 2*v = -p, -3*m + 5*v = 6*v - 156. What are the prime factors of m?
3, 17
Let m(o) = 9*o**2 + 8*o - 9. Let a be m(6). Let q = a - 239. List the prime factors of q.
2, 31
Let k(h) = -85*